-3) + h/9?
2, 5
Let y = -5 - 0. Let g = y + 18. List the prime factors of g.
13
Let f be 11/(55/(-10)) - -6. Suppose 0 = d - 4*c - 23, -d - 3*c + 23 = c. Suppose 0 = -f*b - 5*z + 41, -3*z + d = 2*b + 2*z. List the prime factors of b.
3
Let l(b) = 12*b**2 + 7*b + 7. Let c be l(-2). Let h = 12 - 2. Let y = h + c. List the prime factors of y.
3, 17
Let k = 37 - 29. Suppose -4*r = -3*j + 97, 5*r - 115 = 3*j - k*j. Suppose -4*b - j = -175. List the prime factors of b.
37
What are the prime factors of (567 - (5 - 4)) + (-1 - -1)?
2, 283
Let y be -2*6/9*-3. Let c = 4 + y. List the prime factors of (c/(-5))/((-1)/20).
2
Suppose 4*j = -2*w - 6, -6*w + 15 = -2*j - 11*w. Suppose 24 = -4*b + 108. Suppose c + 2*c - b = j. What are the prime factors of c?
7
Suppose 5*x = 6 + 14. Let w(i) = -5*i + 5. Let g be w(x). Let p = -8 - g. What are the prime factors of p?
7
Let f(w) = w**2 + 4*w. Let x be f(-5). Suppose x*q = d - 114, 5*d + 0*q - 710 = -3*q. List the prime factors of d.
139
Let z(b) = 9*b**2 - 4*b + 14. What are the prime factors of z(-17)?
2683
Let i(u) = 10*u**3 - 8*u**2 + 6*u - 9. Let p(q) = -2 + 10*q - 2 + 3*q**2 - 12*q + 7 - 3*q**3. Let o(c) = -2*i(c) - 7*p(c). What are the prime factors of o(5)?
7
Let x be 84452/16 + (-21)/(-12) + -2. List the prime factors of x/52 + (-1 + 0)/2.
101
Let c(y) = 2*y**2 - 2*y - 1. Suppose 2*z - 6 = -16. Let s = -9 - z. List the prime factors of c(s).
3, 13
Suppose 0 = -2*f + f - 21. Let b = -68 - -117. Let c = b + f. List the prime factors of c.
2, 7
Suppose -3*j + 10 = -185. Let l = j - 40. What are the prime factors of l?
5
Suppose 54 + 48 = i + 4*x, 4*x = 2*i - 192. Let k = -4 + 10. List the prime factors of i/k + (-4)/(-6).
17
Let g = 106 - 102. Suppose 0 = -g*k + 4*o + 9 + 67, -4*o + 12 = 0. What are the prime factors of k?
2, 11
Let d be (-3)/((-21)/(-8) - 3). Suppose -42 = 7*z - d*z. List the prime factors of z.
2, 3, 7
Let l(m) = -13*m - 1. Let k be l(-5). Let y be (-3252)/84 - (-2)/(-7). Let x = k + y. List the prime factors of x.
5
Let t = 2828 - 30. What are the prime factors of t?
2, 1399
Suppose 0 = -5*n - 2*b + 5*b + 121, -b = 3*n - 81. Suppose 9*a - n = 10. What are the prime factors of a?
2
Let t(o) = 6*o**2 - 7. Let j be t(3). List the prime factors of 0 + j - 1/(-2)*2.
2, 3
Let n(w) = -1 - 3 - 6*w**2 + 8*w**2 + 11*w. List the prime factors of n(-6).
2
Suppose 3*x = -15 - 3. Let l = x - -18. What are the prime factors of l?
2, 3
Suppose 2*t = -5*u - 3*t + 2375, 0 = -u - 4*t + 460. What are the prime factors of u?
2, 3, 5
Suppose 3*y + 9 = -4*z, 9 = -5*y + 2*z - 6. Let x(p) = -12*p - 3. List the prime factors of x(y).
3, 11
Let f(z) be the second derivative of z**4/12 - z**3/6 + z**2/2 + 35*z. What are the prime factors of f(13)?
157
Suppose 38 = 2*p + 4*x, -2*p = -5*x + 1 - 3. Suppose 12 = 4*z + q - 2, z - p = -4*q. Suppose -m = -z*m + 130. List the prime factors of m.
5, 13
What are the prime factors of 5 - (-30)/(-15) - 98*-5?
17, 29
List the prime factors of (-334)/8*220/(88/(-8)).
5, 167
Let o be (3/6)/(2/(-52))*-16. Suppose 5*m = -2*c + o, 2*m = -2 - 2. What are the prime factors of c?
109
Suppose -5 = -4*v + 7. Suppose -6*s + v*s + 72 = 0. What are the prime factors of s?
2, 3
Let k(c) = -3*c**2 - 9 + 6*c**2 - c + 0*c**2 - 2*c**2. List the prime factors of k(-7).
47
List the prime factors of -5 + ((-12)/6 - -195).
2, 47
Suppose 0 = -14*i + 53 + 17. Suppose i*b - 308 = b. What are the prime factors of b?
7, 11
Suppose 0 = 2*k - 6*k. Suppose -5*g + k*g - 4*u + 45 = 0, -2*g = -4*u + 10. Suppose -3*d = g - 77. What are the prime factors of d?
2, 3
List the prime factors of -9 - -2*(4 + 995).
3, 13, 17
Let x = -1295 + 3544. List the prime factors of x.
13, 173
Suppose 3*g = -3*f + 2019, 5*g - 3*g = -4*f + 1352. What are the prime factors of g?
2, 5, 67
Let v be (-4)/22 + 16/88. Suppose -5*b = -3*o - 0*b + 110, v = -5*o + 4*b + 192. Suppose 106 = -5*r + 4*h + 348, -r = -5*h - o. List the prime factors of r.
2, 5
Let o(f) = -f**3 - 6*f**2 - 8*f + 9. Let z be o(-8). Suppose -273 = -2*l + z. List the prime factors of l.
3, 79
Let k be (2 + 5 + -4)/1. Suppose g = 5, k*t - 141 - 250 = g. List the prime factors of t.
2, 3, 11
Suppose -558*l + 50864 = -541*l. List the prime factors of l.
2, 11, 17
Let r be (2/2)/(2/(-60)). Let y be 6*((-18)/(-30) + (-1584)/(-135)). Let d = r + y. List the prime factors of d.
2, 11
Let l(k) = -k**3 - k**2 + 11*k - 4. What are the prime factors of l(-7)?
3, 71
Let h be (-4 - -6)*2 + 208. Suppose h = 5*m + 2. List the prime factors of m.
2, 3, 7
Suppose 4*q = 6*q - 5710. List the prime factors of q.
5, 571
Let m be (-5 - -5) + (-6)/(-2). Suppose 4*l + 5*q - 11 = 0, l + 19 = 5*l - m*q. Let j = 7 + l. List the prime factors of j.
11
Let h(w) = -3*w - 48. Let i be h(-16). What are the prime factors of -227*(3 + -6 + 2 + i)?
227
Let m be (5 - 2) + -1 + 129/3. Suppose 4*w = m + 195. What are the prime factors of w?
2, 3, 5
Suppose -8 = 3*b + 1. Let s(i) = -5*i + 8. What are the prime factors of s(b)?
23
Suppose -3*h - x = -3*x - 102, 20 = h + 4*x. Let s be (6/(-4))/((-3)/h). Let f = 22 - s. List the prime factors of f.
2, 3
Let g = 5 + -7. Let s be ((-7)/28)/(g/40). List the prime factors of (-1458)/(-45) - 2/s.
2
Let i be (70/(-8))/((-4)/32). Suppose -5*w + 85 + i = 0. What are the prime factors of w?
31
Let l = 4501 + -2607. List the prime factors of l.
2, 947
Let c be (1/2)/((-9)/180). Let q(t) = t**2 + 5*t + 1. What are the prime factors of q(c)?
3, 17
Let j be (9 + 6)*(-1)/(-5). Suppose 2*o - j*v - 59 = 0, -4*o - v + 25 + 100 = 0. What are the prime factors of o?
31
Let p = 3 + 10. Let d(r) = -r**2 + 15*r + 11. Let f be d(p). Suppose 4*b - f = 67. What are the prime factors of b?
2, 13
Suppose 0 = -3*b + 2*l + 509, b + 4*l = 187 - 36. Suppose b = 7*g - 197. List the prime factors of g.
2, 13
Suppose -a + 4*a + 2*x - 101 = 0, -2*x - 10 = 0. List the prime factors of 2 + 1 + -3 + a + -2.
5, 7
Let j(h) = -17*h + 15. What are the prime factors of j(-25)?
2, 5, 11
Let r = 384 - -64. Suppose -25*k + 21*k + r = 0. What are the prime factors of k?
2, 7
List the prime factors of 49/7 + (-2 - -4 - -1223).
2, 7, 11
List the prime factors of (28/42)/((-10)/(-25770)).
2, 859
Suppose 2*i = 5*i + 3*l - 39, -i + 3*l - 7 = 0. Let j be 2/(-2) + (1 - 4) + 25. Let u = j + i. What are the prime factors of u?
29
Suppose 3*j + 1 = 5*v, -4*j - v - 4*v = -22. Suppose 8 - 2 = -j*x. List the prime factors of 13 - ((-2)/(-1) + x).
13
Let d(k) = k**3 - 12*k**2 - 16*k + 31. Let v be d(13). Suppose h - 23 = -2*a - 0*h, 3*a - 31 = 2*h. Let r = v + a. List the prime factors of r.
3
Suppose -494*a - 5504 = -502*a. What are the prime factors of a?
2, 43
Suppose -3*v + 942 = 3*t, 4*t - t - 5*v - 902 = 0. Suppose 6*u - b = 2*u + t, b + 1 = 0. What are the prime factors of u?
7, 11
Let t(o) = o**2 - 7*o - 5. Let h be t(6). Let i = 16 + h. Suppose 0 = -c + 2*c - i. List the prime factors of c.
5
Let b(v) = v**2 - 17*v + 252. List the prime factors of b(0).
2, 3, 7
Let v(g) = 3*g + 1. Let n = -1 + 2. Let z be v(n). Suppose z*c - 105 = -5. List the prime factors of c.
5
Let b(w) = -w**3 - w**2 - w + 20. Suppose 2*g - 5*g = 0. List the prime factors of b(g).
2, 5
Let n(g) = 39*g**2 + g - 18. What are the prime factors of n(7)?
2, 5, 19
Let m be ((-190)/10)/((-2)/10). Suppose -19 = -2*f + m. List the prime factors of f.
3, 19
Let i(r) = 299*r**3 + 6*r**2 - 2*r - 2. Let v be i(2). Suppose -13*l - 31 = -v. List the prime factors of l.
3, 61
Suppose 5*w - 7 = 13. Let f(i) = -1 - i + 5 + i**2 + 31*i**3 - w. What are the prime factors of f(1)?
31
Suppose 4*m + 8460 = 9*m. What are the prime factors of m?
2, 3, 47
Let z be (-1)/2*-10*-1. Let y(j) = -12*j - 18. What are the prime factors of y(z)?
2, 3, 7
What are the prime factors of 6/(-18) - (-6202)/21?
5, 59
Let y be 2*(-4 + 39/6). Suppose -3*o = -n + 16, -y*n - 1 = -o - 151. List the prime factors of n.
31
Suppose 167*n = 157*n + 21860. What are the prime factors of n?
2, 1093
Let z be (-66)/(-9)*(5 - (3 + -1)). Suppose -76 - z = -7*h. What are the prime factors of h?
2, 7
Let a(k) = 6*k**2 + 4*k + 50. What are the prime factors of a(12)?
2, 13, 37
Let q(p) = 23*p + 320. List the prime factors of q(0).
2, 5
Let v be (-1 - 33/9) + (-4)/12. Let z = v + 54. What are 